{"id":50,"date":"2021-03-06T18:50:43","date_gmt":"2021-03-06T17:50:43","guid":{"rendered":"http:\/\/www.hypnosepraxis-coressel.de\/?page_id=50"},"modified":"2021-03-06T18:53:03","modified_gmt":"2021-03-06T17:53:03","slug":"leistungen","status":"publish","type":"page","link":"http:\/\/www.hypnosepraxis-coressel.de\/?page_id=50","title":{"rendered":"Leistungen"},"content":{"rendered":"\n<div class=\"wp-block-cover alignfull has-background-dim-10 has-background-dim\" style=\"background-image:url(http:\/\/www.hypnosepraxis-coressel.de\/wp-content\/uploads\/2021\/03\/wrERFTSERTGSE.jpg)\"><div class=\"wp-block-cover__inner-container is-layout-flow wp-block-cover-is-layout-flow\">\n<p class=\"has-text-align-center\" style=\"font-size:44px\">Meine Leistungen<\/p>\n<\/div><\/div>\n\n\n\n<h3 class=\"alignfull has-text-align-center wp-block-heading\">Was ist Hypnose?<\/h3>\n\n\n\n<p class=\"has-text-align-center\">Hypnose ist ein ver\u00e4nderter Bewusstseinszustand der bewusst herbeigef\u00fchrt wird. Wir erleben diesen Zustand st\u00e4ndig unbewusst in unserem Alltag, z.B. beim Autofahren, beim Fernsehen, beim Sport usw. Bei allen T\u00e4tigkeiten, die monoton verlaufen gehen wir in Trance, ohne es zu bemerken. Die Hypnose k\u00f6nnen sie zu jeder Zeit, wenn sie das Gef\u00fchl haben es tut ihnen nicht gut, unterbrechen. Sie bleiben Handlungsf\u00e4hig. Es geschieht immer nur das was sie zulassen. Lernen sie die Hypnose kennen, sie werden begeistert sein.<\/p>\n\n\n\n<div class=\"wp-block-columns alignfull is-layout-flex wp-container-core-columns-is-layout-9d6595d7 wp-block-columns-is-layout-flex\">\n<div class=\"wp-block-column is-layout-flow wp-block-column-is-layout-flow\">\n<p style=\"font-size:32px\">Systemik<\/p>\n\n\n\n<p>Bei dieser Hypnosetechnik haben sie die M\u00f6glichkeit andere Sichtweisen zu Problemen in verschiedenen Systemen zu erarbeiten.<\/p>\n<\/div>\n\n\n\n<div class=\"wp-block-column is-layout-flow wp-block-column-is-layout-flow\">\n<p style=\"font-size:32px\">Superlearning<\/p>\n\n\n\n<p>Mit dieser Methode k\u00f6nnen sie, dass zu erlernende besser abspeichern und zu jeder Zeit die notwendigen Information wieder abrufen.<\/p>\n<\/div>\n\n\n\n<div class=\"wp-block-column is-layout-flow wp-block-column-is-layout-flow\">\n<p style=\"font-size:32px\">Phobienbew\u00e4ltigung<\/p>\n\n\n\n<p>Ohne Stress, Objekten oder Subjekten begegnen, entspannt in den Fahrstuhl, Urlaub usw.<\/p>\n<\/div>\n<\/div>\n\n\n\n<div class=\"wp-block-columns alignfull is-layout-flex wp-container-core-columns-is-layout-9d6595d7 wp-block-columns-is-layout-flex\">\n<div class=\"wp-block-column is-layout-flow wp-block-column-is-layout-flow\">\n<h3 class=\"wp-block-heading\">Burnout Pr\u00e4vention<\/h3>\n\n\n\n<p>Ziel dieser Pr\u00e4vention ist es, dass innere Gleichgewicht wieder herzustellen.<\/p>\n<\/div>\n\n\n\n<div class=\"wp-block-column is-layout-flow wp-block-column-is-layout-flow\">\n<h3 class=\"wp-block-heading\">Blockaden l\u00f6sen<\/h3>\n\n\n\n<p>Bei dieser Anwendung haben Sie die M\u00f6glichkeit alles belastende, was losgelassen werden will, loszulassen.<\/p>\n<\/div>\n\n\n\n<div class=\"wp-block-column is-layout-flow wp-block-column-is-layout-flow\">\n<h3 class=\"wp-block-heading\">entspannt Schlafen<\/h3>\n\n\n\n<p>Mit dieser Anwendung haben sie die M\u00f6glichkeit die schlafraubende Ursache herauszufinden und zu bew\u00e4ltigen.<\/p>\n<\/div>\n<\/div>\n\n\n\n<div class=\"wp-block-columns alignfull is-layout-flex wp-container-core-columns-is-layout-9d6595d7 wp-block-columns-is-layout-flex\">\n<div class=\"wp-block-column is-layout-flow wp-block-column-is-layout-flow\">\n<h3 class=\"wp-block-heading\">eigene Potentiale<\/h3>\n\n\n\n<p>Gemeinsam k\u00f6nnen wir es schaffen, wieder mehr Klarheit in Ihr Leben zu bringen.<\/p>\n<\/div>\n\n\n\n<div class=\"wp-block-column is-layout-flow wp-block-column-is-layout-flow\">\n<h3 class=\"wp-block-heading\">neue Richtungen<\/h3>\n\n\n\n<p>Erkennen Sie Ihre F\u00e4higkeiten und nutzen Sie sie, um in Ihrem Leben einige Ver\u00e4nderungen vorzunehmen.<\/p>\n<\/div>\n\n\n\n<div class=\"wp-block-column is-layout-flow wp-block-column-is-layout-flow\">\n<h3 class=\"wp-block-heading\">Fantasiereise<\/h3>\n\n\n\n<p>Sie sind innerlich angespannt, kommen nicht zur Ruhe? Eine Fantasiereise kann helfen.<\/p>\n<\/div>\n<\/div>\n","protected":false},"excerpt":{"rendered":"<p>Was ist Hypnose? Hypnose ist ein ver\u00e4nderter Bewusstseinszustand der bewusst herbeigef\u00fchrt wird. Wir erleben diesen Zustand st\u00e4ndig unbewusst in unserem Alltag, z.B. beim Autofahren, beim Fernsehen, beim Sport usw. Bei allen T\u00e4tigkeiten, die monoton verlaufen gehen wir in Trance, ohne es zu bemerken. Die Hypnose k\u00f6nnen sie zu jeder Zeit, wenn sie das Gef\u00fchl haben&hellip; <a class=\"more-link\" href=\"http:\/\/www.hypnosepraxis-coressel.de\/?page_id=50\"><span class=\"screen-reader-text\">Leistungen<\/span> weiterlesen<\/a><\/p>\n","protected":false},"author":1,"featured_media":0,"parent":0,"menu_order":0,"comment_status":"closed","ping_status":"closed","template":"","meta":{"footnotes":""},"class_list":["post-50","page","type-page","status-publish","hentry","entry"],"_links":{"self":[{"href":"http:\/\/www.hypnosepraxis-coressel.de\/index.php?rest_route=\/wp\/v2\/pages\/50","targetHints":{"allow":["GET"]}}],"collection":[{"href":"http:\/\/www.hypnosepraxis-coressel.de\/index.php?rest_route=\/wp\/v2\/pages"}],"about":[{"href":"http:\/\/www.hypnosepraxis-coressel.de\/index.php?rest_route=\/wp\/v2\/types\/page"}],"author":[{"embeddable":true,"href":"http:\/\/www.hypnosepraxis-coressel.de\/index.php?rest_route=\/wp\/v2\/users\/1"}],"replies":[{"embeddable":true,"href":"http:\/\/www.hypnosepraxis-coressel.de\/index.php?rest_route=%2Fwp%2Fv2%2Fcomments&post=50"}],"version-history":[{"count":2,"href":"http:\/\/www.hypnosepraxis-coressel.de\/index.php?rest_route=\/wp\/v2\/pages\/50\/revisions"}],"predecessor-version":[{"id":53,"href":"http:\/\/www.hypnosepraxis-coressel.de\/index.php?rest_route=\/wp\/v2\/pages\/50\/revisions\/53"}],"wp:attachment":[{"href":"http:\/\/www.hypnosepraxis-coressel.de\/index.php?rest_route=%2Fwp%2Fv2%2Fmedia&parent=50"}],"curies":[{"name":"wp","href":"https:\/\/api.w.org\/{rel}","templated":true}]}}